base 15?
1b
Convert 5 (base 8) to base 6.
5
Convert 4 (base 12) to base 13.
4
5 (base 12) to base 11
5
Convert 444 (base 5) to base 14.
8c
What is 40 (base 13) in base 9?
57
Convert -40 (base 9) to base 2.
-100100
1010111 (base 2) to base 15
5c
What is -1000 (base 3) in base 14?
-1d
Convert 11100 (base 3) to base 12.
99
What is 313 (base 6) in base 10?
117
What is -2 (base 15) in base 9?
-2
-1011110 (base 2) to base 16
-5e
Convert -36 (base 8) to base 13.
-24
7 (base 8) to base 7
10
Convert -1 (base 8) to base 2.
-1
1010 (base 2) to base 10
10
Convert -11001 (base 2) to base 13.
-1c
Convert 0 (base 8) to base 6.
0
Convert db (base 16) to base 3.
22010
-11 (base 4) to base 7
-5
110 (base 2) to base 16
6
Convert -3 (base 5) to base 6.
-3
Convert -2012 (base 4) to base 5.
-1014
Convert -6 (base 11) to base 6.
-10
Convert 11 (base 11) to base 2.
1100
What is 1 (base 11) in base 4?
1
What is -2 (base 11) in base 9?
-2
15 (base 11) to base 9
17
What is 2 (base 12) in base 10?
2
-13 (base 9) to base 14
-c
-25 (base 10) to base 13
-1c
Convert 22 (base 5) to base 6.
20
0 (base 4) to base 15
0
Convert -5b (base 13) to base 11.
-6a
Convert -c (base 13) to base 16.
-c
-1 (base 4) to base 2
-1
What is 193 (base 10) in base 4?
3001
2 (base 8) to base 7
2
-3 (base 11) to base 12
-3
What is 45 (base 14) in base 16?
3d
What is 221 (base 3) in base 7?
34
59 (base 16) to base 13
6b
What is 0 (base 4) in base 14?
0
What is -30 (base 12) in base 2?
-100100
What is -2 (base 10) in base 8?
-2
Convert -d (base 14) to base 9.
-14
Convert 10 (base 6) to base 16.
6
What is -3 (base 5) in base 7?
-3
Convert -4 (base 13) to base 8.
-4
What is 208 (base 9) in base 4?
2222
-10011 (base 2) to base 5
-34
2 (base 7) to base 9
2
What is -211 (base 5) in base 12?
-48
What is 3 (base 10) in base 4?
3
7 (base 8) to base 10
7
40 (base 5) to base 3
202
1a (base 12) to base 3
211
Convert 14 (base 6) to base 10.
10
Convert -82 (base 16) to base 8.
-202
What is 31 (base 4) in base 10?
13
Convert 17 (base 8) to base 9.
16
Convert -4 (base 12) to base 16.
-4
Convert -6 (base 12) to base 16.
-6
14 (base 9) to base 15
d
What is -23 (base 10) in base 11?
-21
0 (base 12) to base 4
0
What is 4 (base 8) in base 2?
100
Convert -6 (base 12) to base 8.
-6
Convert -2 (base 10) to base 14.
-2
What is 13 (base 8) in base 16?
b
Convert 121 (base 7) to base 16.
40
Convert 5 (base 15) to base 7.
5
-2 (base 11) to base 10
-2
What is 2021 (base 5) in base 2?
100000101
Convert -2b (base 16) to base 8.
-53
Convert 11 (base 4) to base 14.
5
What is 34 (base 5) in base 12?
17
What is a (base 11) in base 6?
14
What is -104 (base 6) in base 15?
-2a
28 (base 15) to base 14
2a
Convert 8 (base 11) to base 3.
22
Convert -26 (base 14) to base 3.
-1021
What is d (base 15) in base 16?
d
56 (base 7) to base 3
1112
Convert 2 (base 13) to base 15.
2
What is 45 (base 7) in base 2?
100001
What is -11010 (base 2) in base 6?
-42
9 (base 13) to base 7
12
Convert -14 (base 8) to base 4.
-30
What is 100 (base 4) in base 2?
10000
What is -6 (base 13) in base 10?
-6
-71 (base 11) to base 13
-60
-1 (base 7) to base 12
-1
Convert 0 (base 12) to base 15.
0
Convert -8 (base 12) to base 7.
-11
6 (base 16) to base 12
6
5 (base 6) to base 13
5
What is 4 (base 16) in base 4?
10
Convert -101 (base 2) to base 6.
-5
Convert -1 (base 14) to base 5.
-1
91 (base 11) to base 3
10201
What is -a1 (base 14) in base 3?
-12020
What is 5 (base 7) in base 13?
5
31 (base 5) to base 11
15
-45 (base 6) to base 13
-23
Convert -c5 (base 14) to base 10.
-173
What is -36 (base 8) in base 4?
-132
What is 63 (base 7) in base 15?
30
Convert 0 (base 11) to base 14.
0
Convert -3331 (base 4) to base 16.
-fd
Convert 1101 (base 5) to base 2.
10010111
Convert -1043 (base 5) to base 6.
-404
Convert -5 (base 10) to base 14.
-5
-104 (base 16) to base 4
-10010
What is -7 (base 11) in base 3?
-21
Convert 3 (base 10) to base 8.
3
53 (base 11) to base 7
112
Convert 4 (base 6) to base 16.
4
2 (base 15) to base 13
2
Convert -1 (base 9) to base 2.
-1
Convert 2130 (base 4) to base 5.
1111
Convert 10 (base 2) to base 10.
2
What is 3 (base 8) in base 13?
3
2 (base 12) to base 9
2
What is -1010 (base 3) in base 6?
-50
What is -1 (base 3) in base 4?
-1
-11 (base 6) to base 9
-7
Convert 21 (base 10) to base 9.
23
What is -28 (base 12) in base 4?
-200
0 (base 8) to base 5
0
What is 0 (base 7) in base 13?
0
What is -20 (base 5) in base 4?
-22
Convert 2 (base 12) to base 11.
2
-2a (base 15) to base 12
-34
60 (base 16) to base 5
341
What is 13 (base 7) in base 14?
a
11110 (base 2) to base 3
1010
1 (base 11) to base 9
1
Convert 111 (base 2) to base 15.
7
Convert 111 (base 2) to base 3.
21
Convert 4 (base 5) to base 14.
4
What is 53 (base 11) in base 15?
3d
What is -1 (base 12) in base 10?
-1
Convert -3 (base 15) to base 14.
-3
Convert 75 (base 9) to base 7.
125
-20 (base 12) to base 16
-18
3 (base 7) to base 12
3
What is -5 (base 10) in base 3?
-12
What is -13 (base 12) in base 9?
-16
What is 141 (base 6) in base 13?
49
413 (base 6) to base 15
a3
-1b (base 12) to base 3
-212
-101111 (base 2) to base 16
-2f
21 (base 6) to base 4
31
64 (base 13) to base 4
1102
-10 (base 6) to base 12
-6
-100011110 (base 2) to base 7
-556
Convert 81 (base 11) to base 6.
225
What is -1 (base 10) in base 3?
-1
Convert 2 (base 14) to base 10.
2
-12 (base 4) to base 2
-110
-11 (base 3) to base 7
-4
Convert -1 (base 6) to base 2.
-1
What is 33 (base 11) in base 9?
40
4 (base 15) to base 3
11
-16 (base 15) to base 2
-10101
-75 (base 10) to base 7
-135
Convert -72 (base 8) to base 4.
-322
What is 5 (base 15) in base 3?
12
Convert -20 (base 3) to base 7.
-6
Convert 1010 (base 2) to base 7.
13
Convert 11 (base 16) to base 15.
12
3 (base 6) to base 3
10
Convert 5 (base 11) to base 8.
5
b (base 15) to base 8
13
-135 (base 6) to base 5
-214
What is 0 (base 12) in base 16?
0
Convert 70 (base 8) to base 6.
132
-1e (base 15) to base 9
-32
Convert -3 (base 16) to base 5.
-3
Convert -1e (base 16) to base 13.
-24
Convert -22 (base 5) to base 11.
-11
What is 0 (base 4) in base 15?
0
What is -60 (base 13) in base 11?
-71
Convert 1 (base 16) to base 5.
1
3 (base 15) to base 3
10
Convert 4 (base 10) to base 9.
4
6 (base 12) to base 2
110
16 (base 8) to base 10
14
Convert -19 (base 10) to base 9.
-21
What is 2 (base 16) in base 2?
10
Convert 11 (base 13) to base 15.
e
Convert 1b (base 12) to base 9.
25
361 (base 10) to base 6
1401
12 (base 13) to base 12
13
Convert 115 (base 6) to base 5.
142
What is -76 (base 10) in base 15?
-51
Convert 3 (base 16) to base 14.
3
5 (base 10) to base 15
5
What is 20 (base 3) in base 6?
10
Convert 3 (base 7) to base 8.
3
What is -3 (base 4) in base 6?
-3
-42 (base 14) to base 2
-111010
0 (base 2) to base 16
0
Convert 122 (base 4) to base 16.
1a
What is -28 (base 15) in base 11?
-35
-58 (base 10) to base 11
-53
Convert 2 (base 12) to base 15.
2
Convert 1121 (base 3) to base 12.
37
What is 101 (base 15) in base 10?
226
3 (base 8) to base 9
3
Convert -4 (base 8) to base 4.
-10
15 (base 9) to base 15
e
Convert -204 (base 9) to base 12.
-11a
What is -2 (base 7) in base 11?
-2
7a (base 14) to base 4
1230
Convert 1 (base 6) to base 9.
1
What is 13 (base 9) in base 15?
c
Convert 3 (base 4) to base 11.
3
What is 23 (base 10) in base 14?
19
-5 (base 7) to base 14
-5
What is -2b (base 15) in base 16?
-29
-99 (base 10) to base 15
-69
2200 (base 3) to base 14
52
What is -101 (base 2) in base 11?
-5
-2212 (base 3) to base 9
-85
Convert 226 (base 7) to base 11.
a8
Convert 10 (base 8) to base 12.
8
Convert 2 (base 14) to base 4.
2
Convert 6 (base 12) to base 11.
6
-1 (base 2) to base 6
-1
16 (base 9) to base 4
33
Convert 5 (base 7) to base 10.
5
4 (base 5) to base 2
100
Convert 1 (base 13) to base 5.
1
-170 (base 12) to base 11
-198
Convert 28 (base 10) to base 8.
34
1 (base 16) to base 14
1
59 (base 14) to base 6
211
What is 0 (base 16) in base 11?
0
Convert 131 (base 4) to base 8.
35
What is 204 (base 6) in base 9?
84
-3a (base 13) to base 10
-49
What is -126 (base 8) in base 2?
-1010110
What is 13 (base 6) in base 3?
100
100 (base 2) to base 6
4
-15 (base 8) to base 10
-13
What is -4 (base 9) in base 5?
-4
What is -3 (base 6) in base 16?
-3
Convert 15 (base 6) to base 2.
1011
-44 (base 5) to base 3
-220
-